{"id":63,"date":"2023-09-04T13:23:04","date_gmt":"2023-09-04T11:23:04","guid":{"rendered":"http:\/\/www.map-mutuelle.fr\/?page_id=63"},"modified":"2023-09-04T13:24:30","modified_gmt":"2023-09-04T11:24:30","slug":"cgu","status":"publish","type":"page","link":"https:\/\/www.map-mutuelle.fr\/index.php\/cgu\/","title":{"rendered":"CGU"},"content":{"rendered":"<p>[et_pb_section fb_built=&#8221;1&#8243; next_background_color=&#8221;#ffffff&#8221; admin_label=&#8221;Hero&#8221; _builder_version=&#8221;3.22&#8243; background_color=&#8221;#f7f8fc&#8221; custom_padding=&#8221;|0px|6%|0px|false|false&#8221; bottom_divider_style=&#8221;asymmetric&#8221; bottom_divider_height=&#8221;40%&#8221; bottom_divider_height_tablet=&#8221;&#8221; bottom_divider_height_phone=&#8221;&#8221; bottom_divider_height_last_edited=&#8221;on|phone&#8221; global_colors_info=&#8221;{}&#8221; theme_builder_area=&#8221;post_content&#8221;][et_pb_row _builder_version=&#8221;4.14.6&#8243; _module_preset=&#8221;default&#8221; theme_builder_area=&#8221;post_content&#8221;][et_pb_column _builder_version=&#8221;4.14.6&#8243; _module_preset=&#8221;default&#8221; type=&#8221;4_4&#8243; theme_builder_area=&#8221;post_content&#8221;][et_pb_text _builder_version=&#8221;4.14.6&#8243; _module_preset=&#8221;default&#8221; theme_builder_area=&#8221;post_content&#8221; hover_enabled=&#8221;0&#8243; sticky_enabled=&#8221;0&#8243;]<\/p>\n<h1><span style=\"font-weight: 400;\">Conditions g\u00e9n\u00e9rales d\u2019utilisation<\/span><\/h1>\n<p><span style=\"font-weight: 400;\"><\/span><\/p>\n<p style=\"text-align: center;\"><span style=\"font-weight: 400;\">En vigueur au 01\/09\/2023<\/span><\/p>\n<p style=\"text-align: center;\"><span style=\"font-weight: 400;\">MAP Mutuelle, une marque de Merle Assurance Patrimoine.\u00a0<\/span><\/p>\n<p><span style=\"font-weight: 400;\"><\/span><\/p>\n<p><span style=\"font-weight: 400;\">Les pr\u00e9sentes conditions g\u00e9n\u00e9rales d\u2019utilisation (dites \u00ab <\/span><b>CGU<\/b><span style=\"font-weight: 400;\"> \u00bb) ont pour objet l\u2019encadrement juridique des modalit\u00e9s de mise \u00e0 disposition du site et des services par Merle Assurance Patrimoine et de d\u00e9finir les conditions d\u2019acc\u00e8s et d\u2019utilisation des services par \u00ab <\/span><b>l\u2019Utilisateur<\/b><span style=\"font-weight: 400;\"> \u00bb.<\/span><\/p>\n<p><span style=\"font-weight: 400;\">Les pr\u00e9sentes CGU sont accessibles sur le site \u00e0 la rubrique \u00ab<\/span><b>CGU<\/b><span style=\"font-weight: 400;\">\u00bb.<\/span><\/p>\n<p><span style=\"font-weight: 400;\">Les informations sont collect\u00e9es par Merle Assurance Patrimoine et sont indispensables au traitement de votre demande de devis.<\/span><\/p>\n<p><span style=\"font-weight: 400;\">En soumettant ces informations, vous autorisez Merle Assurance Patrimoine \u00e0 vous contacter par t\u00e9l\u00e9phone pour vous conseiller et vous proposer leurs devis, en lien avec votre demande.<\/span><\/p>\n<p><span style=\"font-weight: 400;\">La soci\u00e9t\u00e9 Merle Assurance Patrimoine pouvant traiter votre demande est un organisme d\u2019assurance et interm\u00e9diaires d\u2019assurance.<\/span><\/p>\n<p><span style=\"font-weight: 400;\"><\/span><\/p>\n<h1><span style=\"font-weight: 400;\">Article 1 : Les mentions l\u00e9gales<\/span><\/h1>\n<p>&nbsp;<\/p>\n<p><span style=\"font-weight: 400;\">L\u2019\u00e9dition du site https:\/\/assurances-dependances.fr\/ est assur\u00e9e par la Soci\u00e9t\u00e9 SASU Merle Assurance Patrimoine au capital de 10 000 euros, immatricul\u00e9e au RCS de Grenoble sous le num\u00e9ro 851940825, dont le si\u00e8ge social est situ\u00e9 au 43 rue de Chantemerle, Villard-Bonnot 38190.<\/span><\/p>\n<p><span style=\"font-weight: 400;\">Num\u00e9ro de t\u00e9l\u00e9phone : 0646461122<\/span><\/p>\n<p><span style=\"font-weight: 400;\">Adresse e-mail : sebastien@merleassurancepatrimoine.fr.<\/span><\/p>\n<p><span style=\"font-weight: 400;\">Le Directeur de la publication est : MERLE S\u00e9bastien<\/span><\/p>\n<p><span style=\"font-weight: 400;\">Num\u00e9ro de TVA intracommunautaire : FR42851940825<\/span><\/p>\n<p><span style=\"font-weight: 400;\">L\u2019h\u00e9bergeur du site https:\/\/map-mutuelle.fr\/ est la soci\u00e9t\u00e9 OVH, dont le si\u00e8ge social est situ\u00e9 au 2 rue Kellermann, 59100 Roubaix, avec le num\u00e9ro de t\u00e9l\u00e9phone : 09 72 10 10 07.<\/span><\/p>\n<p><span style=\"font-weight: 400;\">\u00a0<\/span><\/p>\n<h1><span style=\"font-weight: 400;\">ARTICLE 2 : Acc\u00e8s au site<\/span><\/h1>\n<p><span style=\"font-weight: 400;\">\u00a0<\/span><\/p>\n<p><span style=\"font-weight: 400;\">Le site https:\/\/map-mutuelle.fr\/\u00a0 permet \u00e0 l\u2019Utilisateur un acc\u00e8s gratuit aux services suivants :<\/span><\/p>\n<p><span style=\"font-weight: 400;\">Le site internet propose les services suivants :<\/span><\/p>\n<p><span style=\"font-weight: 400;\">Le site map-mutuelle.fr vise \u00e0 informer le visiteur \u00e0 propos de la mutuelle sant\u00e9 (ou compl\u00e9mentaire sant\u00e9) et \u00e0 mettre (si le visiteur le demande), le visiteur en relation avec un courtier en assurance.<\/span><\/p>\n<p><span style=\"font-weight: 400;\">Le site est accessible gratuitement en tout lieu \u00e0 tout Utilisateur ayant un acc\u00e8s \u00e0 Internet. Tous les frais support\u00e9s par l\u2019Utilisateur pour acc\u00e9der au service (mat\u00e9riel informatique, logiciels, connexion Internet, etc.) sont \u00e0 sa charge.<\/span><\/p>\n<p><span style=\"font-weight: 400;\">\u00a0<\/span><\/p>\n<h1><span style=\"font-weight: 400;\">ARTICLE 3 : Collecte des donn\u00e9es<\/span><\/h1>\n<p><span style=\"font-weight: 400;\">\u00a0<\/span><\/p>\n<p><span style=\"font-weight: 400;\">Le site assure \u00e0 l\u2019Utilisateur une collecte et un traitement d\u2019informations personnelles dans le respect de la vie priv\u00e9e conform\u00e9ment \u00e0 la loi n\u00b078-17 du 6 janvier 1978 relative \u00e0 l\u2019informatique, aux fichiers et aux libert\u00e9s.<\/span><\/p>\n<p><span style=\"font-weight: 400;\">En vertu de la loi Informatique et Libert\u00e9s, en date du 6 janvier 1978, l\u2019Utilisateur dispose d\u2019un droit d\u2019acc\u00e8s, de rectification, de suppression et d\u2019opposition de ses donn\u00e9es personnelles. L\u2019Utilisateur exerce ce droit :<\/span><\/p>\n<ul>\n<li style=\"font-weight: 400;\" aria-level=\"1\"><span style=\"font-weight: 400;\">par mail \u00e0 l\u2019adresse email sebastien@merleassurancepatrimoine.fr<\/span><\/li>\n<\/ul>\n<p><span style=\"font-weight: 400;\">\u00a0<\/span><\/p>\n<h1><span style=\"font-weight: 400;\">ARTICLE 4 : Propri\u00e9t\u00e9 intellectuelle<\/span><\/h1>\n<p><span style=\"font-weight: 400;\">\u00a0<\/span><\/p>\n<p><span style=\"font-weight: 400;\">Les marques, logos, signes ainsi que tous les contenus du site (textes, images, son\u2026) font l\u2019objet d\u2019une protection par le Code de la propri\u00e9t\u00e9 intellectuelle et plus particuli\u00e8rement par le droit d\u2019auteur.<\/span><\/p>\n<p><span style=\"font-weight: 400;\">L\u2019Utilisateur doit solliciter l\u2019autorisation pr\u00e9alable du site pour toute reproduction, publication, copie des diff\u00e9rents contenus. Il s\u2019engage \u00e0 une utilisation des contenus du site dans un cadre strictement priv\u00e9, toute utilisation \u00e0 des fins commerciales et publicitaires est strictement interdite.<\/span><\/p>\n<p><span style=\"font-weight: 400;\">Toute repr\u00e9sentation totale ou partielle de ce site par quelque proc\u00e9d\u00e9 que ce soit, sans l\u2019autorisation expresse de l\u2019exploitant du site Internet constituerait une contrefa\u00e7on sanctionn\u00e9e par l\u2019article L 335-2 et suivants du Code de la propri\u00e9t\u00e9 intellectuelle.<\/span><\/p>\n<p><span style=\"font-weight: 400;\">Il est rappel\u00e9 conform\u00e9ment \u00e0 l\u2019article L122-5 du Code de propri\u00e9t\u00e9 intellectuelle que l\u2019Utilisateur qui reproduit, copie ou publie le contenu prot\u00e9g\u00e9 doit citer l\u2019auteur et sa source.<\/span><\/p>\n<p><span style=\"font-weight: 400;\">\u00a0<\/span><\/p>\n<h1><span style=\"font-weight: 400;\">ARTICLE 5 : Responsabilit\u00e9<\/span><\/h1>\n<p><span style=\"font-weight: 400;\">\u00a0<\/span><\/p>\n<p><span style=\"font-weight: 400;\">Les sources des informations diffus\u00e9es sur le site https:\/\/assurances-dependances.fr\/ sont r\u00e9put\u00e9es fiables mais le site ne garantit pas qu\u2019il soit exempt de d\u00e9fauts, d\u2019erreurs ou d\u2019omissions.<\/span><\/p>\n<p><span style=\"font-weight: 400;\">Les informations communiqu\u00e9es sont pr\u00e9sent\u00e9es \u00e0 titre indicatif et g\u00e9n\u00e9ral sans valeur contractuelle. Malgr\u00e9 des mises \u00e0 jour r\u00e9guli\u00e8res, le site https:\/\/assurances-dependances.fr\/ ne peut \u00eatre tenu responsable de la modification des dispositions administratives et juridiques survenant apr\u00e8s la publication. De m\u00eame, le site ne peut \u00eatre tenue responsable de l\u2019utilisation et de l\u2019interpr\u00e9tation de l\u2019information contenue dans ce site.<\/span><\/p>\n<p><span style=\"font-weight: 400;\">Le site https:\/\/assurances-dependances.fr\/ ne peut \u00eatre tenu pour responsable d\u2019\u00e9ventuels virus qui pourraient infecter l\u2019ordinateur ou tout mat\u00e9riel informatique de l\u2019Internaute, suite \u00e0 une utilisation, \u00e0 l\u2019acc\u00e8s, ou au t\u00e9l\u00e9chargement provenant de ce site.<\/span><\/p>\n<p><span style=\"font-weight: 400;\">La responsabilit\u00e9 du site ne peut \u00eatre engag\u00e9e en cas de force majeure ou du fait impr\u00e9visible et insurmontable d\u2019un tiers.<\/span><\/p>\n<p><span style=\"font-weight: 400;\">\u00a0<\/span><\/p>\n<h1><span style=\"font-weight: 400;\">ARTICLE 6 : Liens hypertextes<\/span><\/h1>\n<p><span style=\"font-weight: 400;\">\u00a0<\/span><\/p>\n<p><span style=\"font-weight: 400;\">Des liens hypertextes peuvent \u00eatre pr\u00e9sents sur le site. L\u2019Utilisateur est inform\u00e9 qu\u2019en cliquant sur ces liens, il sortira du site https:\/\/map-mutuelle.fr\/. Ce dernier n\u2019a pas de contr\u00f4le sur les pages web sur lesquelles aboutissent ces liens et ne saurait, en aucun cas, \u00eatre responsable de leur contenu.<\/span><\/p>\n<p><span style=\"font-weight: 400;\">\u00a0<\/span><\/p>\n<h1><span style=\"font-weight: 400;\">ARTICLE 7 : Cookies<\/span><\/h1>\n<p><span style=\"font-weight: 400;\">\u00a0<\/span><\/p>\n<p><span style=\"font-weight: 400;\">L\u2019Utilisateur est inform\u00e9 que lors de ses visites sur le site, un cookie peut s\u2019installer automatiquement sur son logiciel de navigation.<\/span><\/p>\n<p><span style=\"font-weight: 400;\">Les cookies sont de petits fichiers stock\u00e9s temporairement sur le disque dur de l\u2019ordinateur de l\u2019Utilisateur par votre navigateur et qui sont n\u00e9cessaires \u00e0 l\u2019utilisation du site https:\/\/map-mutuelle.fr\/. Les cookies ne contiennent pas d\u2019information personnelle et ne peuvent pas \u00eatre utilis\u00e9s pour identifier quelqu\u2019un. Un cookie contient un identifiant unique, g\u00e9n\u00e9r\u00e9 al\u00e9atoirement et donc anonyme. Certains cookies expirent \u00e0 la fin de la visite de l\u2019Utilisateur, d\u2019autres restent.<\/span><\/p>\n<p><span style=\"font-weight: 400;\">L\u2019information contenue dans les cookies est utilis\u00e9e pour am\u00e9liorer le site https:\/\/map-mutuelle.fr\/.<\/span><\/p>\n<p><span style=\"font-weight: 400;\">En naviguant sur le site, L\u2019Utilisateur les accepte.<\/span><\/p>\n<p><span style=\"font-weight: 400;\">L\u2019Utilisateur doit toutefois donner son consentement quant \u00e0 l\u2019utilisation de certains cookies.<\/span><\/p>\n<p><span style=\"font-weight: 400;\">\u00c0 d\u00e9faut d\u2019acceptation, l\u2019Utilisateur est inform\u00e9 que certaines fonctionnalit\u00e9s ou pages risquent de lui \u00eatre refus\u00e9es.<\/span><\/p>\n<p><span style=\"font-weight: 400;\">L\u2019Utilisateur pourra d\u00e9sactiver ces cookies par l\u2019interm\u00e9diaire des param\u00e8tres figurant au sein de son logiciel de navigation.<\/span><\/p>\n<p><span style=\"font-weight: 400;\">Vous avez la possibilit\u00e9 de d\u00e9sactiver et de supprimer des cookies. Pour cela, vous pouvez modifier les param\u00e8tres de votre navigateur.<\/span><\/p>\n<p><span style=\"font-weight: 400;\">Pour en savoir plus, nous vous invitons \u00e0 vous r\u00e9f\u00e9rer aux guides de la CNIL : <a href=\"https:\/\/www.cnil.fr\/fr\/cookies-les-outils-pour-les-maitriser\">https:\/\/www.cnil.fr\/fr\/cookies-les-outils-pour-les-maitriser<\/a><\/span><\/p>\n<p><span style=\"font-weight: 400;\"><\/span><\/p>\n<h1><span style=\"font-weight: 400;\">ARTICLE 8 : Publication par l\u2019Utilisateur<\/span><\/h1>\n<p><span style=\"font-weight: 400;\">\u00a0<\/span><\/p>\n<p><span style=\"font-weight: 400;\">Le site permet aux membres de publier les contenus suivants :<\/span><\/p>\n<p><span style=\"font-weight: 400;\">Commentaires sur le blog (et articles).<\/span><\/p>\n<p><span style=\"font-weight: 400;\">Dans ses publications, le membre s\u2019engage \u00e0 respecter les r\u00e8gles de la Netiquette (r\u00e8gles de bonne conduite de l\u2019internet) et les r\u00e8gles de droit en vigueur.<\/span><\/p>\n<p><span style=\"font-weight: 400;\">Le site peut exercer une mod\u00e9ration sur les publications et se r\u00e9serve le droit de refuser leur mise en ligne, sans avoir \u00e0 s\u2019en justifier aupr\u00e8s du membre.<\/span><\/p>\n<p><span style=\"font-weight: 400;\">Le membre reste titulaire de l\u2019int\u00e9gralit\u00e9 de ses droits de propri\u00e9t\u00e9 intellectuelle. Mais en publiant une publication sur le site, il c\u00e8de \u00e0 la soci\u00e9t\u00e9 \u00e9ditrice le droit non exclusif et gratuit de repr\u00e9senter, reproduire, adapter, modifier, diffuser et distribuer sa publication, directement ou par un tiers autoris\u00e9, dans le monde entier, sur tout support (num\u00e9rique ou physique), pour la dur\u00e9e de la propri\u00e9t\u00e9 intellectuelle. Le Membre c\u00e8de notamment le droit d\u2019utiliser sa publication sur internet et sur les r\u00e9seaux de t\u00e9l\u00e9phonie mobile.<\/span><\/p>\n<p><span style=\"font-weight: 400;\">La soci\u00e9t\u00e9 \u00e9ditrice s\u2019engage \u00e0 faire figurer le nom du membre \u00e0 proximit\u00e9 de chaque utilisation de sa publication.<\/span><\/p>\n<p><span style=\"font-weight: 400;\">Tout contenu mis en ligne par l\u2019Utilisateur est de sa seule responsabilit\u00e9. L\u2019Utilisateur s\u2019engage \u00e0 ne pas mettre en ligne de contenus pouvant porter atteinte aux int\u00e9r\u00eats de tierces personnes. Tout recours en justice engag\u00e9 par un tiers l\u00e9s\u00e9 contre le site sera pris en charge par l\u2019Utilisateur.<\/span><\/p>\n<p><span style=\"font-weight: 400;\">Le contenu de l\u2019Utilisateur peut \u00eatre \u00e0 tout moment et pour n\u2019importe quelle raison supprim\u00e9 ou modifi\u00e9 par le site, sans pr\u00e9avis.<\/span><\/p>\n<p><span style=\"font-weight: 400;\"><\/span><\/p>\n<h1><span style=\"font-weight: 400;\">ARTICLE 9 : Droit applicable et juridiction comp\u00e9tente<\/span><\/h1>\n<p><span style=\"font-weight: 400;\">\u00a0<\/span><\/p>\n<p><span style=\"font-weight: 400;\">La l\u00e9gislation fran\u00e7aise s\u2019applique au pr\u00e9sent contrat. En cas d\u2019absence de r\u00e9solution amiable d\u2019un litige n\u00e9 entre les parties, les tribunaux fran\u00e7ais seront seuls comp\u00e9tents pour en conna\u00eetre.<\/span><\/p>\n<p><span style=\"font-weight: 400;\">Pour toute question relative \u00e0 l\u2019application des pr\u00e9sentes CGU, vous pouvez joindre l\u2019\u00e9diteur aux coordonn\u00e9es inscrites \u00e0 l\u2019ARTICLE 1.<\/span><\/p>\n<p><span style=\"font-weight: 400;\">Avertissement :<\/span><\/p>\n<p><span style=\"font-weight: 400;\">Toutes les informations contenues sur l\u2019ensemble du site web www.devis.merleassurancepatrimoine.fr, le sont \u00e0 titre purement indicatif et non contractuel.<\/span><\/p>\n<p><span style=\"font-weight: 400;\">Merle Assurance Patrimoine ne saurait garantir l\u2019exactitude, la compl\u00e9tude, l\u2019actualit\u00e9 des informations diffus\u00e9es sur le site.<\/span><\/p>\n<p><span style=\"font-weight: 400;\">Merle Assurance Patrimoine met tout en oeuvre pour offrir aux utilisateurs des informations et des outils disponibles et v\u00e9rifi\u00e9s, mais ne saurait \u00eatre tenu pour responsable des erreurs, des omissions et d\u2019une absence de disponibilit\u00e9 des informations et des services.<\/span><\/p>\n<p><span style=\"font-weight: 400;\">En cons\u00e9quence, l\u2019utilisateur reconna\u00eet utiliser ces informations sous sa responsabilit\u00e9 exclusive.<\/span><\/p>\n<p><span style=\"font-weight: 400;\">D\u2019une mani\u00e8re g\u00e9n\u00e9rale, Merle Assurance Patrimoine ne pourra \u00eatre tenu responsable de tous les dommages directs ou indirects r\u00e9sultant de l\u2019utilisation du site www.devis.merleassurancepatrimoine.fr ou d\u2019autres sites qui lui sont li\u00e9s.<\/span><\/p>\n<p><span style=\"font-weight: 400;\">Les sites ext\u00e9rieurs ayant un lien hypertexte avec le pr\u00e9sent site ne sont pas sous son contr\u00f4le et Merle Assurance Patrimoine d\u00e9cline par cons\u00e9quent toute responsabilit\u00e9 quant \u00e0 leur contenu. L\u2019utilisateur est seul responsable de leur utilisation.<\/span><\/p>\n<p>[\/et_pb_text][\/et_pb_column][\/et_pb_row][\/et_pb_section]<\/p>\n","protected":false},"excerpt":{"rendered":"<p>Conditions g\u00e9n\u00e9rales d\u2019utilisation En vigueur au 01\/09\/2023 MAP Mutuelle, une marque de Merle Assurance Patrimoine.\u00a0 Les pr\u00e9sentes conditions g\u00e9n\u00e9rales d\u2019utilisation (dites \u00ab CGU \u00bb) ont pour objet l\u2019encadrement juridique des modalit\u00e9s de mise \u00e0 disposition du site et des services par Merle Assurance Patrimoine et de d\u00e9finir les conditions d\u2019acc\u00e8s et d\u2019utilisation des services par [&hellip;]<\/p>\n","protected":false},"author":1,"featured_media":0,"parent":0,"menu_order":0,"comment_status":"closed","ping_status":"closed","template":"","meta":{"_et_pb_use_builder":"on","_et_pb_old_content":"","_et_gb_content_width":"","footnotes":""},"class_list":["post-63","page","type-page","status-publish","hentry"],"yoast_head":"<!-- This site is optimized with the Yoast SEO plugin v21.0 - https:\/\/yoast.com\/wordpress\/plugins\/seo\/ -->\n<title>CGU - MAP Mutuelle<\/title>\n<meta name=\"robots\" content=\"index, follow, max-snippet:-1, max-image-preview:large, max-video-preview:-1\" \/>\n<link rel=\"canonical\" href=\"https:\/\/www.map-mutuelle.fr\/index.php\/cgu\/\" \/>\n<meta property=\"og:locale\" content=\"en_US\" \/>\n<meta property=\"og:type\" content=\"article\" \/>\n<meta property=\"og:title\" content=\"CGU - MAP Mutuelle\" \/>\n<meta property=\"og:description\" content=\"Conditions g\u00e9n\u00e9rales d\u2019utilisation En vigueur au 01\/09\/2023 MAP Mutuelle, une marque de Merle Assurance Patrimoine.\u00a0 Les pr\u00e9sentes conditions g\u00e9n\u00e9rales d\u2019utilisation (dites \u00ab CGU \u00bb) ont pour objet l\u2019encadrement juridique des modalit\u00e9s de mise \u00e0 disposition du site et des services par Merle Assurance Patrimoine et de d\u00e9finir les conditions d\u2019acc\u00e8s et d\u2019utilisation des services par [&hellip;]\" \/>\n<meta property=\"og:url\" content=\"https:\/\/www.map-mutuelle.fr\/index.php\/cgu\/\" \/>\n<meta property=\"og:site_name\" content=\"MAP Mutuelle\" \/>\n<meta property=\"article:modified_time\" content=\"2023-09-04T11:24:30+00:00\" \/>\n<meta name=\"twitter:card\" content=\"summary_large_image\" \/>\n<script type=\"application\/ld+json\" class=\"yoast-schema-graph\">{\"@context\":\"https:\/\/schema.org\",\"@graph\":[{\"@type\":\"WebPage\",\"@id\":\"https:\/\/www.map-mutuelle.fr\/index.php\/cgu\/\",\"url\":\"https:\/\/www.map-mutuelle.fr\/index.php\/cgu\/\",\"name\":\"CGU - MAP Mutuelle\",\"isPartOf\":{\"@id\":\"https:\/\/www.map-mutuelle.fr\/#website\"},\"datePublished\":\"2023-09-04T11:23:04+00:00\",\"dateModified\":\"2023-09-04T11:24:30+00:00\",\"breadcrumb\":{\"@id\":\"https:\/\/www.map-mutuelle.fr\/index.php\/cgu\/#breadcrumb\"},\"inLanguage\":\"en-US\",\"potentialAction\":[{\"@type\":\"ReadAction\",\"target\":[\"https:\/\/www.map-mutuelle.fr\/index.php\/cgu\/\"]}]},{\"@type\":\"BreadcrumbList\",\"@id\":\"https:\/\/www.map-mutuelle.fr\/index.php\/cgu\/#breadcrumb\",\"itemListElement\":[{\"@type\":\"ListItem\",\"position\":1,\"name\":\"Accueil\",\"item\":\"https:\/\/www.map-mutuelle.fr\/\"},{\"@type\":\"ListItem\",\"position\":2,\"name\":\"CGU\"}]},{\"@type\":\"WebSite\",\"@id\":\"https:\/\/www.map-mutuelle.fr\/#website\",\"url\":\"https:\/\/www.map-mutuelle.fr\/\",\"name\":\"MAP Mutuelle\",\"description\":\"MAP pour votre recherche de mutuelle\",\"potentialAction\":[{\"@type\":\"SearchAction\",\"target\":{\"@type\":\"EntryPoint\",\"urlTemplate\":\"https:\/\/www.map-mutuelle.fr\/?s={search_term_string}\"},\"query-input\":\"required name=search_term_string\"}],\"inLanguage\":\"en-US\"}]}<\/script>\n<!-- \/ Yoast SEO plugin. -->","yoast_head_json":{"title":"CGU - MAP Mutuelle","robots":{"index":"index","follow":"follow","max-snippet":"max-snippet:-1","max-image-preview":"max-image-preview:large","max-video-preview":"max-video-preview:-1"},"canonical":"https:\/\/www.map-mutuelle.fr\/index.php\/cgu\/","og_locale":"en_US","og_type":"article","og_title":"CGU - MAP Mutuelle","og_description":"Conditions g\u00e9n\u00e9rales d\u2019utilisation En vigueur au 01\/09\/2023 MAP Mutuelle, une marque de Merle Assurance Patrimoine.\u00a0 Les pr\u00e9sentes conditions g\u00e9n\u00e9rales d\u2019utilisation (dites \u00ab CGU \u00bb) ont pour objet l\u2019encadrement juridique des modalit\u00e9s de mise \u00e0 disposition du site et des services par Merle Assurance Patrimoine et de d\u00e9finir les conditions d\u2019acc\u00e8s et d\u2019utilisation des services par [&hellip;]","og_url":"https:\/\/www.map-mutuelle.fr\/index.php\/cgu\/","og_site_name":"MAP Mutuelle","article_modified_time":"2023-09-04T11:24:30+00:00","twitter_card":"summary_large_image","schema":{"@context":"https:\/\/schema.org","@graph":[{"@type":"WebPage","@id":"https:\/\/www.map-mutuelle.fr\/index.php\/cgu\/","url":"https:\/\/www.map-mutuelle.fr\/index.php\/cgu\/","name":"CGU - MAP Mutuelle","isPartOf":{"@id":"https:\/\/www.map-mutuelle.fr\/#website"},"datePublished":"2023-09-04T11:23:04+00:00","dateModified":"2023-09-04T11:24:30+00:00","breadcrumb":{"@id":"https:\/\/www.map-mutuelle.fr\/index.php\/cgu\/#breadcrumb"},"inLanguage":"en-US","potentialAction":[{"@type":"ReadAction","target":["https:\/\/www.map-mutuelle.fr\/index.php\/cgu\/"]}]},{"@type":"BreadcrumbList","@id":"https:\/\/www.map-mutuelle.fr\/index.php\/cgu\/#breadcrumb","itemListElement":[{"@type":"ListItem","position":1,"name":"Accueil","item":"https:\/\/www.map-mutuelle.fr\/"},{"@type":"ListItem","position":2,"name":"CGU"}]},{"@type":"WebSite","@id":"https:\/\/www.map-mutuelle.fr\/#website","url":"https:\/\/www.map-mutuelle.fr\/","name":"MAP Mutuelle","description":"MAP pour votre recherche de mutuelle","potentialAction":[{"@type":"SearchAction","target":{"@type":"EntryPoint","urlTemplate":"https:\/\/www.map-mutuelle.fr\/?s={search_term_string}"},"query-input":"required name=search_term_string"}],"inLanguage":"en-US"}]}},"_links":{"self":[{"href":"https:\/\/www.map-mutuelle.fr\/index.php\/wp-json\/wp\/v2\/pages\/63","targetHints":{"allow":["GET"]}}],"collection":[{"href":"https:\/\/www.map-mutuelle.fr\/index.php\/wp-json\/wp\/v2\/pages"}],"about":[{"href":"https:\/\/www.map-mutuelle.fr\/index.php\/wp-json\/wp\/v2\/types\/page"}],"author":[{"embeddable":true,"href":"https:\/\/www.map-mutuelle.fr\/index.php\/wp-json\/wp\/v2\/users\/1"}],"replies":[{"embeddable":true,"href":"https:\/\/www.map-mutuelle.fr\/index.php\/wp-json\/wp\/v2\/comments?post=63"}],"version-history":[{"count":2,"href":"https:\/\/www.map-mutuelle.fr\/index.php\/wp-json\/wp\/v2\/pages\/63\/revisions"}],"predecessor-version":[{"id":66,"href":"https:\/\/www.map-mutuelle.fr\/index.php\/wp-json\/wp\/v2\/pages\/63\/revisions\/66"}],"wp:attachment":[{"href":"https:\/\/www.map-mutuelle.fr\/index.php\/wp-json\/wp\/v2\/media?parent=63"}],"curies":[{"name":"wp","href":"https:\/\/api.w.org\/{rel}","templated":true}]}}